culate the remainder when 3910 is divided by 230.
0
Calculate the remainder when 702381 is divided by 15.
6
Calculate the remainder when 248949 is divided by 88.
85
What is the remainder when 6626 is divided by 34?
30
What is the remainder when 43068 is divided by 16?
12
Calculate the remainder when 3260 is divided by 822.
794
Calculate the remainder when 471 is divided by 83.
56
Calculate the remainder when 25971 is divided by 590.
11
Calculate the remainder when 2067 is divided by 1193.
874
What is the remainder when 4551 is divided by 34?
29
What is the remainder when 5858 is divided by 836?
6
Calculate the remainder when 919132 is divided by 9778.
0
What is the remainder when 1947 is divided by 13?
10
Calculate the remainder when 950298 is divided by 172.
170
Calculate the remainder when 6052 is divided by 146.
66
Calculate the remainder when 396395 is divided by 577.
573
What is the remainder when 11664 is divided by 125?
39
What is the remainder when 3843 is divided by 192?
3
Calculate the remainder when 1013519 is divided by 60.
59
What is the remainder when 8835 is divided by 306?
267
What is the remainder when 5218 is divided by 742?
24
Calculate the remainder when 37901 is divided by 92.
89
Calculate the remainder when 45007 is divided by 124.
119
What is the remainder when 854 is divided by 108?
98
What is the remainder when 2229 is divided by 249?
237
What is the remainder when 7640 is divided by 18?
8
What is the remainder when 4475 is divided by 195?
185
What is the remainder when 517001 is divided by 14?
9
Calculate the remainder when 34754 is divided by 6943.
39
Calculate the remainder when 28378 is divided by 154.
42
Calculate the remainder when 13045 is divided by 1452.
1429
Calculate the remainder when 45189 is divided by 168.
165
What is the remainder when 38287 is divided by 42?
25
What is the remainder when 96560 is divided by 2926?
2
What is the remainder when 148622 is divided by 89?
81
What is the remainder when 19101 is divided by 34?
27
What is the remainder when 14925 is divided by 156?
105
Calculate the remainder when 27348 is divided by 802.
80
What is the remainder when 11923 is divided by 910?
93
Calculate the remainder when 91219 is divided by 377.
362
What is the remainder when 1603465 is divided by 1057?
1053
What is the remainder when 1413 is divided by 362?
327
What is the remainder when 14706 is divided by 7334?
38
Calculate the remainder when 1266480 is divided by 323.
320
What is the remainder when 359371 is divided by 471?
469
Calculate the remainder when 543903 is divided by 5439.
3
Calculate the remainder when 74851 is divided by 60.
31
What is the remainder when 26485 is divided by 209?
151
What is the remainder when 41386 is divided by 63?
58
Calculate the remainder when 7139 is divided by 275.
264
Calculate the remainder when 1293 is divided by 327.
312
What is the remainder when 5235 is divided by 135?
105
What is the remainder when 81955 is divided by 62?
53
Calculate the remainder when 161112 is divided by 115.
112
Calculate the remainder when 16952 is divided by 449.
339
Calculate the remainder when 8876 is divided by 738.
20
What is the remainder when 1440175 is divided by 126?
121
Calculate the remainder when 3167 is divided by 1332.
503
What is the remainder when 539324 is divided by 153?
152
Calculate the remainder when 1726 is divided by 459.
349
What is the remainder when 15973 is divided by 1465?
1323
Calculate the remainder when 6372 is divided by 1273.
7
Calculate the remainder when 334701 is divided by 7969.
3
What is the remainder when 456766 is divided by 416?
414
Calculate the remainder when 96173 is divided by 60.
53
Calculate the remainder when 74460 is divided by 125.
85
What is the remainder when 2371 is divided by 254?
85
Calculate the remainder when 16186 is divided by 253.
247
Calculate the remainder when 15333 is divided by 82.
81
What is the remainder when 155639 is divided by 2048?
2039
Calculate the remainder when 1305 is divided by 76.
13
Calculate the remainder when 738432 is divided by 40.
32
Calculate the remainder when 1313595 is divided by 31276.
3
Calculate the remainder when 3931010 is divided by 81.
80
Calculate the remainder when 215827 is divided by 107894.
39
What is the remainder when 704927 is divided by 84?
83
What is the remainder when 51967 is divided by 225?
217
What is the remainder when 1317 is divided by 639?
39
Calculate the remainder when 133 is divided by 31.
9
Calculate the remainder when 15961 is divided by 7.
1
Calculate the remainder when 208 is divided by 163.
45
Calculate the remainder when 35842 is divided by 313.
160
Calculate the remainder when 163677 is divided by 2046.
2043
What is the remainder when 47385 is divided by 44?
41
Calculate the remainder when 25635 is divided by 6400.
35
What is the remainder when 157 is divided by 97?
60
What is the remainder when 27103 is divided by 4516?
7
Calculate the remainder when 1267857 is divided by 697.
14
What is the remainder when 24727 is divided by 102?
43
Calculate the remainder when 3868 is divided by 157.
100
Calculate the remainder when 3256 is divided by 71.
61
What is the remainder when 5377 is divided by 78?
73
Calculate the remainder when 314689 is divided by 50.
39
Calculate the remainder when 428 is divided by 124.
56
What is the remainder when 17463 is divided by 8603?
257
What is the remainder when 28327 is divided by 7030?
207
Calculate the remainder when 6786 is divided by 89.
22
Calculate the remainder when 34197 is divided by 11396.
9
Calculate the remainder when 237378 is divided by 83.
81
What is the remainder when 18200 is divided by 379?
8
Calculate the remainder when 3137 is divided by 13.
4
What is the remainder when 26302 is divided by 64?
62
What is the remainder when 361883 is divided by 120618?
29
What is the remainder when 11050 is divided by 284?
258
Calculate the remainder when 10026 is divided by 427.
205
What is the remainder when 25257 is divided by 21?
15
Calculate the remainder when 378718 is divided by 480.
478
Calculate the remainder when 294 is divided by 12.
6
What is the remainder when 12523 is divided by 141?
115
Calculate the remainder when 1990895 is divided by 118.
117
Calculate the remainder when 250911 is divided by 142.
139
Calculate the remainder when 4740 is divided by 225.
15
Calculate the remainder when 24073 is divided by 11559.
955
Calculate the remainder when 41678 is divided by 73.
68
What is the remainder when 82573 is divided by 14?
1
What is the remainder when 483756 is divided by 513?
510
Calculate the remainder when 861 is divided by 822.
39
What is the remainder when 2296 is divided by 1076?
144
Calculate the remainder when 14740 is divided by 125.
115
What is the remainder when 57526 is divided by 62?
52
Calculate the remainder when 5040 is divided by 630.
0
What is the remainder when 79799 is divided by 7253?
16
What is the remainder when 36941 is divided by 14?
9
Calculate the remainder when 5497 is divided by 367.
359
Calculate the remainder when 246219 is divided by 201.
195
What is the remainder when 26493 is divided by 26?
25
Calculate the remainder when 940 is divided by 9.
4
Calculate the remainder when 18802 is divided by 232.
10
Calculate the remainder when 741 is divided by 90.
21
Calculate the remainder when 1986 is divided by 290.
246
What is the remainder when 3198 is divided by 68?
2
What is the remainder when 93005 is divided by 46472?
61
What is the remainder when 2877 is divided by 10?
7
What is the remainder when 48166 is divided by 24?
22
What is the remainder when 5223 is divided by 160?
103
Calculate the remainder when 69236 is divided by 157.
156
Calculate the remainder when 757 is divided by 218.
103
Calculate the remainder when 5502 is divided by 211.
16
Calculate the remainder when 1841 is divided by 25.
16
Calculate the remainder when 56399 is divided by 239.
234
What is the remainder when 40721 is divided by 1234?
1233
Calculate the remainder when 57867 is divided by 22.
7
Calculate the remainder when 1145 is divided by 403.
339
What is the remainder when 2585 is divided by 96?
89
Calculate the remainder when 55775 is divided by 1687.
104
Calculate the remainder when 1042 is divided by 267.
241
What 